161)?
26
Let i(v) = v**3 - 313*v**2 - 3219*v + 109. Determine i(-10).
-1
Let w(v) = -220*v**3 - 9*v**2 - 14*v - 1. Calculate w(-2).
1751
Let m(y) = -49*y - 4174. Determine m(-81).
-205
Let m(h) = -4*h**3 - 2*h**2 - 4824*h + 14576. What is m(3)?
-22
Let u(j) = -1282*j + 2461. Determine u(2).
-103
Let l(x) = 4495*x - 31450. Determine l(7).
15
Let z(u) = 2*u**3 - 17*u**2 - 64*u + 256. Give z(3).
-35
Let g(d) = 68*d**3 + 14755*d**2 - 237*d - 4343. Give g(-217).
-3
Let r(g) = -g**2 + 1581*g + 46142. Calculate r(-29).
-548
Let s(h) = -h**3 + 41*h**2 - 110*h - 133. Give s(38).
19
Let a(w) = 324*w - 141465. Calculate a(437).
123
Let s(n) = -3*n**3 + 77*n**2 + 927*n - 1004. Give s(1).
-3
Let x(f) = 37821*f - 869864. Give x(23).
19
Let t(p) = -12*p**2 + 766*p - 424. Give t(63).
206
Let w(r) = 6*r**2 - 724*r - 12207. What is w(-15)?
3
Let s(r) = 396*r - 64516. Calculate s(163).
32
Let n(v) = v**3 - 154*v**2 - 121*v - 30302. Calculate n(156).
-506
Let k(w) = -w**3 + 8*w**2 + 7260*w - 58073. Determine k(8).
7
Let v(z) = 2*z**2 + 1677*z - 79539. Give v(45).
-24
Let d(f) = f**3 + 18*f**2 + 170*f + 1410. What is d(-8)?
690
Let x(g) = -262647*g + 3151768. What is x(12)?
4
Let u(g) = -g**3 - 9401*g**2 - 131414*g + 57. What is u(-14)?
1
Let i(z) = 3*z**3 + 105*z**2 + 113*z + 143. Determine i(-34).
-231
Let q(g) = 23445*g - 93748. Calculate q(4).
32
Let c(j) = -175*j - 1040. Determine c(0).
-1040
Let p(j) = 13*j**2 - 25*j + 55. Give p(9).
883
Let p(g) = g**3 + 221*g**2 + 11490*g + 4968. Calculate p(-138).
0
Let v(a) = 7*a**2 - 321*a + 3157. Give v(11).
473
Let d(f) = 5*f**2 + 1050*f + 50021. Calculate d(-73).
16
Let f(c) = -c**2 + 2571*c + 1556908. Determine f(-506).
-54
Let j(x) = 434*x - 51520. What is j(123)?
1862
Let a(i) = -3*i**3 - 645*i**2 - 642*i + 117. What is a(-214)?
117
Let g(b) = b**2 + 160*b + 2474. What is g(-18)?
-82
Let s(l) = -41*l**2 + 776*l - 12. What is s(19)?
-69
Let z(s) = -2*s**3 + 67*s**2 + 1318*s + 10. What is z(-14)?
178
Let h(n) = n**2 + 78*n - 219. Calculate h(-62).
-1211
Let s(p) = -13*p**3 - 3275*p**2 + 251*p + 2360. Give s(-252).
2612
Let w(l) = -3*l**3 - 1099*l**2 + 765*l + 11382. What is w(-367)?
5
Let l(x) = 21141*x - 169034. Determine l(8).
94
Let h(w) = -153*w**3 - 87823*w**2 - 577*w - 1722. Give h(-574).
0
Let r(z) = 102*z**2 + 586*z + 23. What is r(-6)?
179
Let z(r) = -2*r**3 + 25*r**2 + 80*r - 448. What is z(14)?
84
Let r(k) = -398701*k - 2790904. Calculate r(-7).
3
Let b(r) = 2*r**2 + 1649*r + 60737. Determine b(-38).
963
Let d(p) = -107*p**3 + 890*p**2 + 657*p - 12. Give d(9).
-12
Let p(t) = -43*t**2 - 3640*t - 5906. What is p(-83)?
-13
Let z(x) = -672*x - 30234. Calculate z(-45).
6
Let w(c) = 4*c**2 - 443*c - 93539. Give w(218).
-17
Let r(m) = 198*m - 4201. Determine r(20).
-241
Let f(g) = 2*g**3 + 13*g**2 - 298*g + 40. What is f(-17)?
-963
Let c(v) = -v**2 + 9747*v + 224392. What is c(-23)?
-318
Let w(z) = 2*z**3 + 169*z**2 - 158*z - 4301. Determine w(-85).
1904
Let a(n) = 4*n**3 - 291*n**2 + 170*n + 3296. Determine a(72).
-16
Let q(s) = -9475*s + 37969. Give q(4).
69
Let r(w) = -87396*w - 20625463. Determine r(-236).
-7
Let v(o) = -o**3 + 6*o**2 + 468*o + 168. Give v(25).
-7
Let q(h) = -40*h + 9227. What is q(171)?
2387
Let g(k) = k**2 - 56*k - 3829. Give g(110).
2111
Let f(y) = -2*y**2 + 1473*y + 17991. What is f(-12)?
27
Let p(r) = 2*r**3 + 395*r**2 - 238*r - 7909. Give p(-198).
11
Let g(s) = 629*s**2 + 4290*s - 816. What is g(-7)?
-25
Let a(c) = -30*c**2 + 138*c - 458. Calculate a(10).
-2078
Let r(j) = j**3 - 662*j**2 - 1598*j + 179287. Determine r(664).
7
Let w(u) = 2100*u - 1797582. What is w(856)?
18
Let g(o) = 26*o**2 - 270*o - 2868. Calculate g(-11).
3248
Let q(i) = -8*i**3 + 58*i**2 - 83*i + 3. Give q(7).
-480
Let r(p) = 2*p**2 - 1143*p + 105680. Calculate r(116).
4
Let a(l) = 470*l - 1448. Determine a(2).
-508
Let y(r) = 2738*r - 5483. What is y(2)?
-7
Let r(z) = -2*z**3 - 664*z**2 + 4*z + 1467. Determine r(-332).
139
Let y(q) = 3*q**3 - 913*q**2 - 58051*q - 61. What is y(-54)?
-7
Let t(j) = 52*j**2 - 1490*j - 67. Calculate t(28).
-1019
Let m(p) = -602*p + 36162. Calculate m(60).
42
Let k(f) = 169*f**2 - 2719*f + 53. Give k(16).
-187
Let h(v) = -4468*v + 4133014. What is h(925)?
114
Let z(h) = 5*h**2 - 15571*h + 6703349. Calculate z(516).
-7
Let z(b) = 12*b**2 - 2569*b + 217. Calculate z(214).
3
Let f(d) = -223*d**2 + 1358*d - 8. Give f(6).
112
Let b(t) = -t**2 - 54553*t - 63. What is b(0)?
-63
Let s(g) = 2*g**2 + 1024*g - 115410. What is s(-607)?
-80
Let k(q) = q**2 - 4019*q + 52253. Calculate k(13).
175
Let y(v) = -1089*v + 2893. What is y(3)?
-374
Let z(y) = 27*y**2 - 611*y + 1626. Calculate z(20).
206
Let x(n) = -2173*n + 30096. Determine x(15).
-2499
Let o(j) = -5*j**2 - 219*j + 4257. What is o(19)?
-1709
Let m(j) = j**3 - 4*j**2 - 5205*j - 20832. Calculate m(-4).
-140
Let k(b) = 4444*b - 75610. Calculate k(17).
-62
Let h(p) = p**3 - 14*p**2 + 120*p - 604. What is h(6)?
-172
Let w(d) = 1316*d + 290330. Give w(-220).
810
Let w(u) = 89*u**2 + 20525*u + 4. What is w(0)?
4
Let s(v) = 2*v**3 + 8*v**2 + 523*v + 3960. Calculate s(-7).
5
Let s(h) = h**3 - 143*h**2 - 160*h + 2423. What is s(144)?
119
Let w(r) = -21*r + 4970. Calculate w(218).
392
Let q(h) = -11384*h**2 - 68371*h - 399. Determine q(-6).
3
Let m(k) = -k**3 + 14*k**2 - 1905*k + 12964. Give m(7).
-28
Let t(q) = -436*q + 121631. What is t(279)?
-13
Let a(o) = 3333*o - 26771. What is a(8)?
-107
Let x(t) = t**3 - 29*t**2 + 84*t - 2072. Determine x(17).
-4112
Let z(u) = 2*u**3 + 11*u**2 - 373*u - 2233. Calculate z(-6).
-31
Let h(m) = -4*m**3 + 172*m**2 + 351*m + 433. Calculate h(45).
28
Let g(l) = 50*l + 3640. Calculate g(-74).
-60
Let l(x) = x**3 + 5709*x**2 - 1328993*x + 220. Give l(224).
-4
Let n(r) = -1923*r - 1776861. Give n(-924).
-9
Let o(c) = -c**3 + 7*c**2 + 362*c - 679. Determine o(22).
25
Let m(x) = -43420*x - 6035390. What is m(-139)?
-10
Let y(x) = 12*x**2 + 5504*x - 33111. Determine y(6).
345
Let g(v) = 8*v**2 - 367*v + 571. Give g(46).
617
Let s(l) = 56796*l - 2215049. Calculate s(39).
-5
Let i(c) = -15*c**3 + 214*c**2 - 33*c + 34. Give i(14).
356
Let p(t) = -2*t**3 - 44*t**2 - 2*t + 791. What is p(-21)?
-49
Let w(z) = 20*z**3 - 257*z**2 + 983*z - 21. Determine w(7).
1127
Let y(r) = 4413*r - 29049. Determine y(6).
-2571
Let l(t) = -4*t**2 - 25*t + 1368. Determine l(15).
93
Let c(p) = p**3 - 7*p**2 + 1724*p + 5191. Calculate c(-3).
-71
Let j(x) = -8*x**3 + 2673*x**2 + 2341*x - 165. What is j(335)?
-1505
Let x(v) = 16*v**3 + 2*v**2 + 94*v + 299. Calculate x(-3).
-397
Let m(o) = -2*o**2 - 1063*o - 59429. Determine m(-468).
7
Let z(s) = -3*s**2 + 1190*s + 14222. Give z(-12).
-490
Let h(o) = -o**3 + 12*o**2 - 377*o + 2415. Calculate h(7).
21
Let p(n) = 203*n**2 + 359*n - 348. What is p(1)?
214
Let s(r) = 3*r**3 - r**2 - 31*r - 42. Calculate s(-2).
-8
Let u(j) = 8245*j + 156. Give u(0).
156
Let r(g) = g**3 - 5*g**2 + 17*g - 127. Give r(5).
-42
Let q(g) = -827*g + 53736. Give q(65).
-19
Let z(s) = -s**3 - 68*s**2 - 253*s - 17026. Calculate z(-68).
178
Let j(t) = -7226*t - 29001. Give j(-4).
-97
Let a(z) = 12*z**3 + 1658*z**2 - 4803*z - 1270. Calculate a(-141).
-1
Let x(l) = -244*l + 19893. What is x(82)?
-115
Let g(i) = 32*i**3 + 3*i**2 + 99*i + 277. Give g(-3).
-857
Let v(h) = 1318*h - 276521. Give v(210).
259
Let b(l) = -l**2 + 68708*l + 27226194. Determine b(-394).
6
Let z(p) = 35*p**2 + 103*p + 362. What is z(-5)?
722
Let x(v) = -v**3 - 37*v**2 - 197*v + 205. Determine x(-9).
-290
Let k(m) = 3625*m - 224792. Determine k(62).
-42
Let i(j) = 119*j**2 - 558*j - 3870. What is i(-6)?
3762
Let u(g) = -10512*g + 31538. Determine u(3).
2
Let u(y) = 3*y**2 + 980*y + 23406. Give u(-26).
-46
Let i(m) = m**2 - 9659*m + 115755. Give i(12).
-9
Let n(r) = -41017*r - 287728. Determine n(-7).
-609
Let z(t) = -588*t + 53378. Give z(91).
-130
Let d(a) = -26877*a - 349409. Determine d(-13).
-8
Let i(h) = -6*h**2 + 54*h - 75. Give i(5).
45
Let h(m) = m**2 + 336*m + 21781. Determine h(-88).
-43
Let b(z) = -2*z**2 + 8722*z + 2315225. What is b(-251)?
1
Let c(x) = 23*x**2 - 1280*x - 23094. What is c(70)?
6
Let z(g) = 35*g**2 - 1429*g + 105. Calculate z(44).
4989
Let w(g) = 83173*g + 831735. Calculate w(-10).
5
Let b(y) = -9*y**3 + 846*y**2 + 16*y - 1505. What i